re the prime factors of 2369?
23, 103
List the prime factors of 87.
3, 29
List the prime factors of 52084.
2, 29, 449
List the prime factors of 6088.
2, 761
List the prime factors of 4775.
5, 191
List the prime factors of 10735.
5, 19, 113
What are the prime factors of 363?
3, 11
List the prime factors of 245.
5, 7
List the prime factors of 8379.
3, 7, 19
What are the prime factors of 12679?
31, 409
What are the prime factors of 1426?
2, 23, 31
What are the prime factors of 28402?
2, 11, 1291
List the prime factors of 122707.
13, 9439
What are the prime factors of 4386?
2, 3, 17, 43
What are the prime factors of 1092?
2, 3, 7, 13
What are the prime factors of 11047?
11047
What are the prime factors of 1710?
2, 3, 5, 19
List the prime factors of 82342.
2, 13, 3167
What are the prime factors of 14422?
2, 7211
What are the prime factors of 29742?
2, 3, 4957
List the prime factors of 1058.
2, 23
What are the prime factors of 59167?
59167
What are the prime factors of 33585?
3, 5, 2239
What are the prime factors of 1020?
2, 3, 5, 17
List the prime factors of 2329.
17, 137
What are the prime factors of 393?
3, 131
What are the prime factors of 1716?
2, 3, 11, 13
What are the prime factors of 17229?
3, 5743
List the prime factors of 2665.
5, 13, 41
List the prime factors of 2951.
13, 227
List the prime factors of 21233.
17, 1249
What are the prime factors of 35860?
2, 5, 11, 163
What are the prime factors of 27512?
2, 19, 181
List the prime factors of 21666.
2, 3, 23, 157
What are the prime factors of 10794?
2, 3, 7, 257
What are the prime factors of 404?
2, 101
List the prime factors of 7946.
2, 29, 137
List the prime factors of 2.
2
List the prime factors of 36841.
7, 19, 277
What are the prime factors of 20646?
2, 3, 31, 37
List the prime factors of 1223.
1223
What are the prime factors of 29272?
2, 3659
List the prime factors of 1103.
1103
List the prime factors of 2798.
2, 1399
What are the prime factors of 69538?
2, 7, 4967
What are the prime factors of 8975?
5, 359
What are the prime factors of 259?
7, 37
List the prime factors of 95156.
2, 23789
What are the prime factors of 747?
3, 83
What are the prime factors of 599?
599
List the prime factors of 16484.
2, 13, 317
What are the prime factors of 16582?
2, 8291
What are the prime factors of 4528?
2, 283
What are the prime factors of 1790?
2, 5, 179
List the prime factors of 1257.
3, 419
List the prime factors of 7241.
13, 557
What are the prime factors of 8941?
8941
List the prime factors of 299.
13, 23
What are the prime factors of 12874?
2, 41, 157
List the prime factors of 7262.
2, 3631
What are the prime factors of 40375?
5, 17, 19
What are the prime factors of 134735?
5, 26947
List the prime factors of 2963.
2963
What are the prime factors of 11290?
2, 5, 1129
List the prime factors of 125366.
2, 62683
List the prime factors of 2371.
2371
List the prime factors of 1308.
2, 3, 109
What are the prime factors of 19782?
2, 3, 7, 157
What are the prime factors of 13098?
2, 3, 37, 59
What are the prime factors of 7042?
2, 7, 503
List the prime factors of 5913.
3, 73
List the prime factors of 1297.
1297
What are the prime factors of 1226?
2, 613
List the prime factors of 1859.
11, 13
What are the prime factors of 331?
331
What are the prime factors of 12288?
2, 3
What are the prime factors of 6724?
2, 41
What are the prime factors of 1699?
1699
What are the prime factors of 19421?
19421
List the prime factors of 1828.
2, 457
What are the prime factors of 7438?
2, 3719
What are the prime factors of 29766?
2, 3, 11, 41
List the prime factors of 59398.
2, 17, 1747
List the prime factors of 9305.
5, 1861
What are the prime factors of 2443?
7, 349
List the prime factors of 2911.
41, 71
List the prime factors of 24371.
24371
List the prime factors of 4634.
2, 7, 331
What are the prime factors of 2743?
13, 211
List the prime factors of 70694.
2, 13, 2719
What are the prime factors of 63765?
3, 5, 13, 109
List the prime factors of 18562.
2, 9281
What are the prime factors of 773?
773
What are the prime factors of 7081?
73, 97
What are the prime factors of 28452?
2, 3, 2371
What are the prime factors of 8519?
7, 1217
What are the prime factors of 14321?
14321
What are the prime factors of 4866?
2, 3, 811
What are the prime factors of 44037?
3, 7, 233
List the prime factors of 62956.
2, 15739
What are the prime factors of 9749?
9749
List the prime factors of 22238.
2, 11119
What are the prime factors of 78?
2, 3, 13
What are the prime factors of 730?
2, 5, 73
What are the prime factors of 5163?
3, 1721
List the prime factors of 976.
2, 61
List the prime factors of 1130.
2, 5, 113
List the prime factors of 2341.
2341
What are the prime factors of 11086?
2, 23, 241
What are the prime factors of 75583?
75583
What are the prime factors of 470?
2, 5, 47
List the prime factors of 9474.
2, 3, 1579
List the prime factors of 21970.
2, 5, 13
List the prime factors of 14193.
3, 19, 83
List the prime factors of 571.
571
List the prime factors of 15576.
2, 3, 11, 59
What are the prime factors of 6261?
3, 2087
List the prime factors of 5987.
5987
List the prime factors of 1183.
7, 13
What are the prime factors of 5439?
3, 7, 37
List the prime factors of 10312.
2, 1289
List the prime factors of 57083.
13, 4391
List the prime factors of 3883.
11, 353
List the prime factors of 6272.
2, 7
List the prime factors of 1796.
2, 449
What are the prime factors of 3062?
2, 1531
What are the prime factors of 87478?
2, 191, 229
What are the prime factors of 3292?
2, 823
What are the prime factors of 729?
3
What are the prime factors of 112864?
2, 3527
List the prime factors of 10157.
7, 1451
List the prime factors of 9423.
3, 349
What are the prime factors of 35317?
35317
What are the prime factors of 731?
17, 43
What are the prime factors of 344?
2, 43
List the prime factors of 18491.
11, 41
List the prime factors of 12385.
5, 2477
List the prime factors of 28060.
2, 5, 23, 61
What are the prime factors of 660?
2, 3, 5, 11
List the prime factors of 1900.
2, 5, 19
What are the prime factors of 79701?
3, 31, 857
What are the prime factors of 26871?
3, 13, 53
What are the prime factors of 11614?
2, 5807
List the prime factors of 3724.
2, 7, 19
What are the prime factors of 2133?
3, 79
List the prime factors of 582.
2, 3, 97
List the prime factors of 1099.
7, 157
List the prime factors of 26346.
2, 3, 4391
List the prime factors of 3332.
2, 7, 17
What are the prime factors of 726?
2, 3, 11
What are the prime factors of 644?
2, 7, 23
What are the prime factors of 2598?
2, 3, 433
What are the prime factors of 25358?
2, 31, 409
What are the prime factors of 2790?
2, 3, 5, 31
What are the prime factors of 11562?
2, 3, 41, 47
What are the prime factors of 27766?
2, 13883
List the prime factors of 5418.
2, 3, 7, 43
What are the prime factors of 1614?
2, 3, 269
List the prime factors of 17179.
41, 419
What are the prime factors of 2950?
2, 5, 59
List the prime factors of 13722.
2, 3, 2287
What are the prime factors of 165546?
2, 3, 17, 541
What are the prime factors of 4133?
4133
List the prime factors of 9000.
2, 3, 5
What are the prime factors of 63709?
63709
What are the prime factors of 65194?
2, 37, 881
What are the prime factors of 2514?
2, 3, 419
List the prime factors of 2748.
2, 3, 229
List the prime factors of 39054.
2, 3, 23, 283
What are the prime factors of 15170?
2, 5, 37, 41
What are the prime factors of 3160?
2, 5, 79
List the prime factors of 118099.
17, 6947
What are the prime factors of 7780?
2, 5, 389
What are the prime factors of 9944?
2, 11, 113
List the prime factors of 3453.
3, 1151
List the prime factors of 1775.
5, 71
What are the prime factors of 8853?
3, 13, 227
What are the prime factors of 4346?
2, 41, 53
List the prime factors of 999.
3, 37
What are the prime factors of 1572?
2, 3, 131
List the prime factors of 2240.
2, 5, 7
List the prime factors of 199.
199
What are the prime factors of 8943?
3, 11, 271
What are the prime factors of 1532?
2, 383
What are the prime factors of 11583?
3, 11, 13
What are the prime factors of 1101?
3, 367
List the prime factors of 22247.
22247
What are the prime factors of 19218?
2, 3, 3203
What are the prime factors of 54882?
2, 3, 3049
What are the prime factors of 2164?
2,